e highest common factor of 6348 and v?
276
Let w(u) = 139*u - 4. Let s be w(1). Suppose 10*b - 13*b = -s. Suppose -5*z + b = o, 4*o - 100 = -z + 4. What is the greatest common factor of 15 and o?
5
Let u = 5728 + -5632. Calculate the greatest common factor of 1408 and u.
32
Let j be 2/((-3)/(-12) + (-1)/(-4)). Let a be (j/4 - 1)/3. Let f be (1*5 - a)*(-702)/(-90). Calculate the greatest common factor of f and 195.
39
Suppose -165*w + 161*w + l + 46 = 0, w - 19 = -l. What is the highest common divisor of w and 221?
13
Let h = -837 - -1474. Calculate the greatest common factor of h and 196.
49
Let g(y) = 29*y**2 + 28*y - 1032. Let l be g(23). Calculate the greatest common factor of l and 38.
19
Suppose -3875*y + 2*l = -3880*y + 250, 3*l = -2*y + 111. Let a = 7 + 5. What is the highest common factor of y and a?
12
Suppose -2*h + 0 = -2. Let t(s) = -5*s - 23. Let m be t(-5). Let p be -12*(0 - h)/m. What is the highest common factor of 48 and p?
6
Let k(p) = -13*p**2 - 32*p - 37 + p**3 - p**2 + 33*p. Let f be k(15). Suppose 0 = 5*r + 188 - f. Calculate the greatest common factor of r and 2.
1
Let m(o) = 3*o**3 + 23*o**2 - 7*o + 15. Let p be m(-8). Let h be 2/p + -13 + (-626)/(-14). What is the highest common factor of h and 8?
8
Let u be (996/30)/(10/25). Let q = u - 57. What is the greatest common factor of 13 and q?
13
Suppose 0 = 4451*s - 2199*s - 2222*s - 630. Suppose -4*x + 1923 = 5*r - 2*x, 0 = 4*r - 3*x - 1543. Calculate the greatest common divisor of r and s.
7
Let z = 52811 - 52764. Let d(x) = -x**3 - 7*x**2 + x - 9. Let m = 9 + -17. Let g be d(m). What is the highest common divisor of g and z?
47
Suppose b + 4*z = 64, -2*b + 12*z = 11*z - 56. What is the highest common factor of 1192 and b?
8
Suppose 944*w + 20800 = 976*w. Calculate the greatest common divisor of 26 and w.
26
Let q(c) = c**3 - 47*c**2 + 96*c - 244. Let i be q(45). Let l(n) = 55*n - 103. Let b be l(17). Calculate the highest common factor of i and b.
26
Let q be 2/8 + (-2367)/(-36). Let t(d) = d**2 + 2*d + 1. Let c be t(-3). Let r be (-4)/16 - (-177)/c. What is the greatest common factor of q and r?
22
Suppose -u + 147 = -0*l + 5*l, -165 = -5*l + 5*u. Let p = -26 + l. What is the highest common divisor of p and 10?
2
Let g be 14/112 - 357/(-24). What is the greatest common divisor of g and 715?
5
Suppose 0 = 6906*n - 6911*n + 1050. Calculate the greatest common factor of 42 and n.
42
Let x = 2482 + -1298. Suppose 17*h - x = 499. What is the greatest common divisor of h and 81?
9
Suppose 167 = -x + 38*i, 41*x = 44*x + 5*i - 1403. Suppose 5*w - 98 = 4*w. What is the highest common divisor of x and w?
49
Suppose 5*p = -5*l + 280, 802*p = -l + 797*p + 52. What is the greatest common divisor of 5529 and l?
57
Suppose 0 = -3*q + 11*q - 73 - 7. What is the greatest common divisor of 98 and q?
2
Let f be (-1)/((-1)/(-4))*-1. Let j be (1/(-7) + (-70)/196)*-1796. Let y = j - 878. What is the highest common divisor of f and y?
4
Let o be -4 + (441/42)/((-3)/(-2)). Suppose 0 = 2*p + 10, -4*f + f = -o*p - 123. Let s = 10 + 2. Calculate the highest common divisor of f and s.
12
Let l be (-1344 - (4 - 16))*(-1)/3. What is the greatest common factor of 12 and l?
12
Let d be 112*(1010/14 + 1/(-7)). What is the greatest common factor of 63 and d?
63
Let o = -1441 + 1489. What is the greatest common factor of o and 216?
24
Let b(v) = 97*v + 85. Let r be b(-1). Suppose -a - 2*a = -51. Let s = a - r. Calculate the highest common divisor of s and 203.
29
Let u(j) be the second derivative of -j**4/12 + 19*j**3/3 + 23*j**2/2 - j - 1. Let f be u(37). Calculate the highest common divisor of f and 120.
60
Suppose 81*y - m - 154 = 80*y, 5*y + 2*m - 742 = 0. Calculate the greatest common factor of 195 and y.
15
Let m(j) = 14*j**2 + 40*j + 39. Let v be m(-12). Suppose -5*t = -14*t + v. What is the highest common factor of t and 70?
35
Suppose 3*g + 184620 = 5*s + 22821, -4*g + 129452 = 4*s. Calculate the greatest common divisor of s and 201.
201
Suppose 0 = -3*m - 2*w + 15329 - 813, 4*m + w = 19363. What is the greatest common factor of 18 and m?
18
Let l(n) = 10*n**3 + 2*n**2 - n + 2. Let t(x) = -6*x - 57. Let u be t(-10). Let d be l(u). Calculate the highest common divisor of 41 and d.
41
Suppose -272 = 236*s - 252*s. Suppose 3 = t + 1. Let a be 6/(-3) + t - -85. Calculate the greatest common factor of s and a.
17
Suppose 1577*m - 1547*m - 360 = 0. Let d = -5 + 7. Suppose 0 = d*b - l - 78 - 85, 0 = -3*l + 15. What is the greatest common factor of b and m?
12
Let f be 45*((6 - 1) + -4). Let t be 0/((20/(-30))/(4/6)). Suppose 3*m + f = 4*p - t*m, 0 = 2*m - 10. Calculate the highest common divisor of p and 45.
15
Suppose -4*p = v - 1577, 36*v - 34*v + 6 = 0. Let c = 399 - p. Calculate the greatest common factor of 20 and c.
4
Let m(z) = 24*z + 6. Let r be m(5). Let i be -5 + (-1)/(-3)*108/4. Suppose 68 = 4*d - i*g, 4*g = -d - 4 + 6. Calculate the greatest common factor of d and r.
14
Let s be (-1325)/(-5) - (-378)/27. Calculate the highest common factor of s and 9.
9
Let q(k) = -4*k**2 - 5*k + 4*k + 5*k**2 - 4*k**2 + 5*k + 6*k**3. Let t be q(4). What is the highest common factor of 44 and t?
44
Let z = -197 + 207. Suppose -2*q + z = 0, -3*c - q + 656 = -0*c. Calculate the greatest common factor of 93 and c.
31
Suppose -18 = 12*c - 258. Suppose 0 = -7*n + 3*n + d + c, -3*n = -2*d - 20. Calculate the highest common factor of n and 10.
2
Suppose -59*s - 25*s = 6*s - 987120. What is the greatest common factor of s and 48?
24
Let l be 7/2*7*4/49. Suppose -l*i + 20 = 2*i, 454 = t + 2*i. What is the highest common divisor of t and 12?
12
Suppose -f - 52*c + 57*c - 15 = 0, 5*f - 30 = 4*c. Let l(a) = a**3 - 4*a**2 - 21*a + 10. Let n be l(f). What is the greatest common factor of 10 and n?
10
Let t = -4367 - -4527. What is the greatest common divisor of t and 1220?
20
Let l(n) = n**2 - 16*n + 2. Let k be l(16). Let u be k + -1 - ((-5)/(-5) - 5). Let g be u/(4 + (-39)/10). Calculate the greatest common factor of g and 350.
50
Suppose 4*x + 4*t + 10633 - 37825 = 0, 0 = 4*x + 3*t - 27184. What is the highest common divisor of x and 40?
10
Suppose 926725 = 11491*n - 11472*n. Calculate the greatest common factor of n and 25.
25
Let i = 78 + -66. Suppose -269 - 115 = -i*g. Calculate the highest common divisor of g and 76.
4
Let i(u) = 38*u**2. Let a = 3 + -2. Let c be i(a). Let n(h) = -4*h**2 - 125*h + 2040. Let r be n(-43). What is the highest common divisor of c and r?
19
Suppose 0 = 19*g - 85162 + 20087. What is the greatest common divisor of g and 274?
137
Let i = -409 - -247. Let u = i + 170. What is the highest common divisor of 208 and u?
8
Let w(j) = 2*j**3 - 97*j**2 + 56*j + 214. Let y be w(48). Calculate the greatest common factor of y and 416.
26
Let w = 396 + 5593. Calculate the highest common divisor of w and 106.
53
Let b(m) = 44*m**2 + m. Let t be -1 + (-4)/(-1 + 0). Let o be b(t). What is the greatest common divisor of 42 and o?
21
Let l be (-4)/(-12) + 6/(18/35). Suppose -20*j = -l*j - 32. What is the highest common factor of 1 and j?
1
Let t be 705/9870 + (-755)/(-14). What is the greatest common divisor of 2496 and t?
6
Suppose 0 = r - 5 - 19. Suppose 4*u = 3*u + r. Suppose 34*h - 33*h = -2*p + 14, 3*h - 6 = 0. What is the highest common factor of u and p?
6
Let h(k) = -7*k. Let w be h(2). Let o(z) = -z**3 - 14*z**2 - 5*z + 26. Let s be o(w). What is the highest common factor of s and 24?
24
Let n(d) = 2*d**3 + 49*d**2 + 24*d + 126. Let t be n(-24). What is the greatest common divisor of t and 882?
126
Let x be (-951)/(-13) - ((-836)/143 + 6). Suppose 3*c - 68 = i, -5*c - 5*i = -x - 67. Calculate the highest common factor of 16 and c.
8
Let a = 58 + -54. Let i(x) = x**3 - 4*x**2 + 2*x - 5. Let k be i(a). Let y be (36/8)/((-2)/(-12)). What is the highest common factor of y and k?
3
Suppose -1737 = -426*c + 423*c. What is the greatest common factor of c and 3?
3
Let k(b) = -b - 5. Let g be k(-7). Let m be (-19)/(3420/40) + (-76)/(-18). What is the highest common divisor of m and g?
2
Let y = 56 - 68. Let j be y/(-42)*(-7)/(-2)*12. Suppose 2*q = -0*q + 8. What is the greatest common factor of q and j?
4
Let i be 22 + (-3798)/(-234) - (-6)/(-26). Let a(s) = -s**3 - 7*s**2 - 9*s - 6. Let j be a(-7). 